y - 36. Let r be u(3). Calculate the greatest common divisor of r and 72.
18
Let x be (1 - (-2 + 6)) + (5 - -2). Suppose x*j + 5*i = 134, 5*j - 5*i = -2*i + 149. What is the greatest common factor of j and 279?
31
Let q(k) = 10*k**2 + 22*k + 80. Let f be q(-4). What is the greatest common factor of 380 and f?
76
Let y = -3006 + 3020. Suppose 0*i - 12 = -4*i. Let v be (-1)/i - 506/(-6). What is the greatest common divisor of y and v?
14
Let c = 71 - 41. Let p(l) = l**2 + 3*l - 6. Let i(k) = 7*k**3 - 2*k - 1. Let q be i(-1). Let o be p(q). What is the greatest common divisor of o and c?
6
Suppose 0 = -2*v - v + 783. Suppose 10*w - 6*w - 88 = 0. Let z be -20 + w + 29 + -2. Calculate the greatest common divisor of z and v.
29
Suppose -35*q = -90*q + 7150. Calculate the highest common divisor of 104 and q.
26
Let l = 2275 + -1736. Calculate the highest common factor of 154 and l.
77
Let q be (4/3 - 0)*-3. Let w be (q/3 - -2)*9. Let j(x) = 2*x**2 - 14*x + 25. Let s be j(4). What is the highest common divisor of s and w?
1
Let m(c) = 30*c. Let p be m(2). Let j(i) = 20*i**2. Let h = 10 + -11. Let w be j(h). Calculate the greatest common divisor of w and p.
20
Suppose 4*p = 2*n + 3*n, 5*p - 3*n = 0. Suppose p = -6*i + 3*i + 42. Let b = -89 - -201. What is the greatest common divisor of b and i?
14
Suppose 0*q - 650 = -10*q. Suppose 35 = 4*w - q. What is the highest common factor of 25 and w?
25
Suppose -6*k + k + 20 = 0. Suppose -11 + k = -7*t. Suppose o = -4*p + 55, p + 1 + t = 0. Calculate the greatest common factor of 21 and o.
21
Let y = 9 - 4. Suppose -y*v + 306 = 3*w, -4*w - 5*v + 209 = -199. What is the highest common divisor of w and 68?
34
Let p be (-51)/(2*6/(-8)). Suppose i - p = 42. Let j be 5/15 + i/6. What is the highest common factor of j and 91?
13
Let j(r) = -r**3 - 4*r**2 + 6*r - 8. Let k be j(-6). Let l be (-1750)/(-63) + (-8)/(-36). What is the greatest common factor of k and l?
28
Let d(f) = -2*f**3 - f**2 + 4. Let n be d(2). Let u = 40 + n. What is the greatest common factor of 16 and u?
8
Let y(m) = -4*m - 124. Let g be y(-33). Let h be ((-2)/3)/((-1)/12). Calculate the greatest common factor of g and h.
8
Suppose 0*x = -3*x + 5*j + 97, 183 = 5*x - 3*j. Let t = -233 + 350. Calculate the greatest common divisor of x and t.
39
Let z(r) = -r**3 + 2*r**2 + 9*r + 6. Let l be z(-3). Let c = l + -5. Calculate the greatest common divisor of c and 19.
19
Let d = -44 - -80. Let b be -1*(2 + -26 + 1). Let l = -14 + b. Calculate the highest common factor of d and l.
9
Let f be -1 + (-7 - -3)/4 - -4. Suppose x - 69 = -2*y - f*x, 0 = y - 4*x - 51. Calculate the greatest common factor of 117 and y.
39
Let u be 2 - (-1)/(-2)*4. Suppose -4*z + 43 - 11 = u. Suppose 27*p = 2236 - 508. What is the greatest common factor of p and z?
8
Let o(m) = -7*m + 1 - 6*m + 0*m - m**2 + m. Let c be o(-11). Suppose -a - 2*a = -36. Calculate the greatest common factor of c and a.
12
Let b(o) = -4*o + 16. Let y be b(5). Let c be y*((-1 - 1) + -6). Let z = -20 + c. Calculate the highest common divisor of 4 and z.
4
Let h = 1503 + -1495. Calculate the greatest common factor of h and 7.
1
Suppose -4*j - 6 = -2*j + 2*h, -3*j + 3*h + 3 = 0. Let z be (900/27)/(j/(-3)). What is the highest common factor of 40 and z?
20
Let m(d) = -69*d - 13. Let z be m(-2). Suppose 0 = -j + 6*j - 15. Suppose 200 = -j*q + 7*q. Calculate the greatest common divisor of q and z.
25
Suppose -10*k + 13*k - 282 = 0. Let u = -63 + k. Let s = 106 - u. What is the greatest common divisor of 15 and s?
15
Suppose 94 = 3*l - 38. Suppose -5*a - 4*c + 8 + l = 0, 4 = -a + 4*c. Calculate the highest common divisor of a and 64.
8
Let l(f) = 14*f**2 + 0*f**2 - 15*f**2 + 60. Let n be l(0). Suppose 0*q - 72 = -3*q. What is the greatest common divisor of q and n?
12
Let c = 720 + -656. Calculate the greatest common factor of 16 and c.
16
Let q be ((-104)/6)/((-16)/24). Let m = -48 - -50. What is the highest common divisor of m and q?
2
Suppose 0 = -y + 4*y, 3*a - 4*y = 24. Let q = a - 5. Let u be (-4 + 5)/((-1)/(-6)). Calculate the highest common divisor of u and q.
3
Let x(b) = -3*b - 17. Let q be x(-7). Let u be (9/q)/(15/160). Calculate the highest common divisor of 6 and u.
6
Suppose 4*t = s - 37, -3*s + 2*s + 3*t = -38. Suppose p = 22 + s. What is the highest common factor of 42 and p?
21
Let i = 215 - 119. Let j = 156 - i. Let d be (-58)/(-6) + 16/48. Calculate the greatest common factor of d and j.
10
Let w = -30 + 32. Let o be ((-286)/(-6) - 4/(-12)) + w. What is the greatest common factor of 100 and o?
50
Let t = 5 + -9. Let b(z) = 4*z - 66. Let l be b(23). Let u = t + l. Calculate the highest common factor of 22 and u.
22
Suppose 10 = 3*m + 1. Suppose 4*s + m*r = 443, 2*r = 2*s - r - 217. Calculate the greatest common factor of 44 and s.
22
Suppose 0*i + 82 = 4*i - 2*q, 5*i - 5*q - 105 = 0. Let r(n) = 3*n - 10. Let k be r(5). What is the greatest common divisor of i and k?
5
Let k = 13 + 0. Calculate the greatest common divisor of 1144 and k.
13
Let a(o) = -10*o - 74. Let j be a(-12). Suppose -s + 3 = i + 4*s, -4*i = 3*s - j. What is the greatest common divisor of 117 and i?
13
Let g = 3 - -9. Let u(c) = 5 - 3*c + 12 + 7. Let k be u(6). Calculate the greatest common divisor of g and k.
6
Let f = 6 + -4. Suppose f*j = -j + 42. Let h(i) = 12*i - 10. Let l be h(9). Calculate the highest common divisor of j and l.
14
Let g(f) = f + 10. Let h be g(-6). Suppose -5*v - 5*d = 0, -d + h = -v + 6*v. Let l be -3 - (-106 - (-2 + v)). What is the greatest common divisor of 34 and l?
34
Suppose -5*k - 5*h + 30 = 0, 0 = 2*k - 5*h - 6 - 6. Let y(s) = -2*s**2 - 25*s + 541. Let i be y(11). What is the greatest common factor of i and k?
6
Let g be 3 + (-12)/(-4) + -1. Suppose 0 = -g*d, 54 = 6*h - 3*h + 4*d. Calculate the highest common factor of 2 and h.
2
Let u = 1922 - 1830. What is the greatest common factor of 736 and u?
92
Suppose 96 = 5*f - f - 4*y, -4*y = 4*f - 56. Let a = f - 19. Suppose a*h + 572 = 2*h. Calculate the highest common divisor of 26 and h.
26
Let r(z) = 3*z + 41. Let u be r(-10). Calculate the greatest common factor of 121 and u.
11
Let k(l) = l**3 - 15*l**2 - 133*l - 15. Let s be k(-6). What is the greatest common divisor of 801 and s?
9
Let j(o) = o**3 - o**2 + 7. Let p be j(0). Let a(f) = -f - f**2 + 85 - 6*f + p*f. Let c be a(0). Calculate the highest common factor of c and 17.
17
Let u be (297/4)/((-3)/(-8)). Suppose 10 = -3*n + 6*n - s, -3*n = 2*s - 7. Suppose 44 = 5*v - n*v. Calculate the greatest common divisor of v and u.
22
Let h = 8 - 9. Let d(n) = 5*n**2 - 1. Let w be d(h). Suppose -w*q = 5 - 17. What is the greatest common factor of q and 24?
3
Let o(l) = -123*l**2. Let p be o(1). Let z = -86 - p. What is the greatest common divisor of 111 and z?
37
Let x(v) = -v**3 - 5*v**2 + 18*v + 29. Let i be x(-7). Calculate the greatest common factor of 7 and i.
1
Let u be (-1)/((4/(-1))/336). Suppose 5*r - 7*r = -u. Let m = -102 + 165. Calculate the highest common divisor of m and r.
21
Let a be (-28)/70 - 617/(-5). Let b = a - 87. What is the highest common factor of b and 288?
36
Let l be 2/6 - (19760/(-12) - 3). What is the greatest common divisor of 66 and l?
66
Let z be (-38)/(-6)*9/3. Suppose 0 = 3*u - 4*q - z, -4*u = -q - 33 - 1. Let f be (0 - (-297)/6)*2. Calculate the greatest common factor of f and u.
9
Suppose -o + 3 = -4*t - 0, -3*o + 48 = t. Suppose 231 = 4*i - 4*m + 23, 5*i = m + 264. Let y = i + -8. Calculate the greatest common factor of o and y.
15
Suppose 4*d + 54*v = 55*v + 24, 20 = 5*v. Calculate the highest common divisor of 7 and d.
7
Let c = -27 + 30. Suppose 0*u = -4*v - 3*u - 1061, -5*v - 1333 = -c*u. Let k be v/(-56) - (-2)/8. Calculate the greatest common factor of k and 25.
5
Let c be 10*(32/10 + -2). Let s(g) = 8*g + 10*g - 24*g + 15 + 6*g + 7*g. Let m be s(c). What is the highest common factor of 11 and m?
11
Let u be 4 + -1 - 1/(5/(-5)). Let q be -5 + u + (2 - -41). Calculate the greatest common divisor of 28 and q.
14
Suppose -40 = -5*i + 3*c, -51 = -5*i - 4*c + 24. What is the greatest common factor of i and 5?
1
Let m(d) = 141*d + 5. Let x(b) = b + 16. Let w be x(-13). Let q be m(w). Let s be 2/(-15) + q/60. What is the greatest common divisor of 7 and s?
